e v(6). Let f = -2 + i. Let q(n) = -9 + 3*n - n + 3. Give q(f).
4
Let m(g) = g**3 + 8*g**2 + 8*g + 9. Let s be m(-7). Let b(j) be the second derivative of -2*j + 0 - 5/6*j**3 - 1/3*j**4 - 1/20*j**5 - s*j**2. Determine b(-3).
2
Let r(b) = b**2 - b + 5. Let u(l) = -l**3 + 9*l**2 - 2*l + 18. Let p be u(9). Determine r(p).
5
Let j(v) be the first derivative of 2*v**3/3 - 1. Let k = -5 - -20. Suppose 5 - k = 5*r. Determine j(r).
8
Suppose -4 = -4*v + 4. Let g(o) = 4 + 0*o**2 - 4*o**2 + v*o**2 + 6*o + 3*o**2. Calculate g(-6).
4
Let c(n) = n + 24. Let l be c(-15). Suppose l*s = 4*s. Let u(q) = -6 + q**2 + 7 + 12. Determine u(s).
13
Let y(m) = m**3 - 3*m**2 + 2*m. Suppose 0*z + z = 15. Suppose 3*u - 15 - 5 = 4*q, -3*q - z = -3*u. Let b = 8 + q. Determine y(b).
6
Let r(d) be the first derivative of -1/30*d**5 + 1/24*d**4 + 2/3*d**3 + 0*d**2 + 0*d + 1. Let y(l) be the third derivative of r(l). What is y(1)?
-3
Suppose -2*z = -z + 3. Let b(o) be the first derivative of -o**2/2 - 1. What is b(z)?
3
Suppose 0 = -8*c + 10*c + 10. Let i(p) = -p**3 - 5*p**2 + p - 1. Determine i(c).
-6
Let o(a) be the second derivative of -a**6/720 - a**5/60 - a**4/12 + 2*a. Let i(m) be the third derivative of o(m). What is i(-1)?
-1
Let p(r) be the third derivative of -r**4/24 - 11*r**3/6 + r**2. Suppose -2*s - 13 = -3. Give p(s).
-6
Let r(i) = -8*i + 5*i - 2 + 3 - 6*i. Determine r(2).
-17
Let p be 0/(-5)*1/2. Let b(c) = -4*c - 2 + 3*c + p + 1. Let u be b(3). Let r(s) = -s**2 - 4*s - 3. What is r(u)?
-3
Let c be 1/2*4 + -7. Let o(t) be the second derivative of -t**5/120 - 5*t**4/24 + t**3 + 5*t. Let k(j) be the second derivative of o(j). Calculate k(c).
0
Let x = 25 - 21. Let d(i) be the third derivative of i**5/60 - i**4/6 + i**3/6 + i**2. Calculate d(x).
1
Let w(j) be the first derivative of j**4/4 - 5*j**3/3 + 2*j**2 + 3*j - 4. Let a = 3 + -8. Let u be -1 + (1 - 1 - a). What is w(u)?
3
Let l(y) be the first derivative of -y**5/20 - 5*y**4/12 + 7*y**3/6 + y - 6. Let b(g) be the first derivative of l(g). Give b(-6).
-6
Let o(p) be the third derivative of -p**6/120 + p**5/30 + p**4/12 + 18*p**2. Give o(3).
-3
Suppose 4*k = 8*k - 16. Suppose -7*l + k*l = 5*u - 22, 0 = -2*u + 2*l + 12. Let x(r) = -2*r + 5. Determine x(u).
-5
Suppose -5*p = 2*l - 8 - 2, 2 = 3*l + p. Suppose l = -3*i + 3*n - 24, -2*i - 16 = -i - 3*n. Let m(c) = 4*c + 6. Calculate m(i).
-10
Let l = -13 + 15. Let q(o) = -o**3 + 3*o - 1. Determine q(l).
-3
Suppose 4*v + 5*z - 4*z = 3, -z = -3*v + 11. Let h(b) be the third derivative of 0 - 1/120*b**6 - 1/24*b**4 - 1/3*b**3 + 1/30*b**5 + 0*b - 3*b**2. What is h(v)?
-4
Suppose -4*d - 9 = -17. Let n(l) = 6*l**2 - 4*l**2 + 4 - 6 + 3*l - 2*l**3. Determine n(d).
-4
Let s(z) be the first derivative of z**4/4 + 2*z**3 - 4*z**2 + 6*z - 40. Determine s(-7).
13
Suppose -2*a + 4*h = -3*a + 8, 0 = 2*h - 2. Let s(m) = m - 1 - a*m + 4*m. Give s(2).
1
Let a(r) = -r**3 - 2*r**2 + 4*r + 3. Let c(f) = 2*f + 39. Let d be c(-21). Calculate a(d).
0
Let w be (-3)/(-1) - (-1 - -1). Let x(q) = -7*q - w + 11*q**2 - 15*q**2 + 10*q**2 + q**3. What is x(-7)?
-3
Let t(i) = -i**3 + 5*i**2 - 8*i + 9. Let x be t(2). Let h(c) = c**3 - 4*c**2 - 3*c - 4. Calculate h(x).
6
Let a(q) = -10*q**2 + q - 15. Let m(z) = 2*z**2 + 3. Let c be 2/(-8) + 45/20. Let y(i) = c*a(i) + 11*m(i). Determine y(-2).
7
Let l(s) = 4*s - 7. Let q(r) = -2*r + 3. Let z(d) = 4*l(d) + 9*q(d). Suppose -3*v = -2*p - 26, 0*p - 20 = 5*p. Let k = v + -5. Give z(k).
-3
Let r(q) be the third derivative of -q**5/60 + q**4/24 + q**3/6 + q**2. Suppose -5*f + 3*f + 4 = 0. What is r(f)?
-1
Let t(n) = n**2 + n - 1. Let s(b) = b**3 - b. Let u(q) = q**3 - 2*q**2 + 2*q + 1. Let z(p) = -3*s(p) - u(p). Let x(d) = t(d) - z(d). What is x(1)?
3
Let r(x) = x**2 + 4*x + 6. Let s be (-4)/(-2) - (-4 - -10). Let y be r(s). Let j(a) = 4*a - 3 + a**2 - a - 8*a. What is j(y)?
3
Let d(b) = 6*b + 0*b + 6 - 7*b. Suppose 5*k = -2*p - 5, 2*k + 2*k = -5*p + 13. Determine d(p).
1
Suppose 0*m = 3*m. Let f(h) = m*h**2 + 2 + 2 - h**2 + 3*h + 2*h**2. Let z = 5 + -8. Give f(z).
4
Let t(z) = -z + 9. Let b be t(8). Let k(r) = 6*r**3 - 2*r**2 + 2*r - 1. Calculate k(b).
5
Let h(s) = -s. Suppose 5*c = -0*c - 2*n, -c = -4*n. Let p(r) = -r**3 + r**2 + 3. Let i be p(c). Suppose -q = -3*b - 0*q + 1, 4*b - i*q = -2. Calculate h(b).
-1
Let v(i) = 3*i + 14. Let m be v(-5). Let b(l) be the second derivative of l + l**3 + 1/2*l**2 + 0. Determine b(m).
-5
Let w(m) = -3*m - 2. Let l be -6*(-5)/(-15)*1. Determine w(l).
4
Let f(j) = -2*j + 13. Let a be f(6). Let g be (30/(-25))/(a/5). Let w(z) = z**3 + 7*z**2 + 7*z + 1. Calculate w(g).
-5
Let x(l) = -3*l + 10. Let n be x(5). Let c(u) = -u**3 - 6*u**2 - 4*u + 3. Determine c(n).
-2
Let s(a) = -25*a + 15. Let m(z) = 12*z - 7. Let x(y) = -13*m(y) - 6*s(y). Determine x(1).
-5
Let f(s) be the first derivative of s**3/3 - 5*s**2/2 - 3*s - 3. Let z be -1 - -4 - (-4 + 2). What is f(z)?
-3
Let s(b) = 2*b - 6 + 0*b**2 - 4*b - b**2 + 2. What is s(-4)?
-12
Let o(u) = u**3 - u**2 + u + 4. Suppose 12*q = 7*q. Let p be (-34)/(-10) + 4/(-10). Suppose -p*m = -q*m. Determine o(m).
4
Let c(j) = j**3 + 3*j**2 + j + 2. Let g(o) = o**2 - o - 1. Let f be g(3). Suppose 0 = -f*b - 12 - 3. Determine c(b).
-1
Suppose 6*o = o + 20. Suppose -12 = -o*q, -z = 2*q - 1 - 1. Let y(r) = -10*r + 1. Let a(p) = 11*p - 1. Let b(m) = z*y(m) - 3*a(m). Calculate b(1).
6
Let m(x) = -x**2 - 6*x + 1. Let v(r) = -3*r**2 - 19*r + 3. Let h(k) = 7*m(k) - 2*v(k). Calculate h(-3).
4
Let o(i) be the first derivative of -i**3/3 - 2*i**2 - 2*i - 25. What is o(-4)?
-2
Let x(t) = t**3 - 2. Let l be x(0). Let k(f) = f**3 + f**2 - 3*f - 1. Calculate k(l).
1
Let o(c) = -c**3 - 3*c**2 + 3*c - 4. Let s be o(-4). Let d = -2 - s. Let z(f) be the first derivative of f**2/2 + 40. Calculate z(d).
-2
Let o(i) = i - 2. Suppose -24 = 3*c - 9*c. Give o(c).
2
Let d(n) = -2*n**2 - 21*n - 12. Suppose -5 = -2*r - 1. Let b(l) = -l**2 - 10*l - 6. Let z(k) = r*d(k) - 5*b(k). Let c = -8 - -2. What is z(c)?
-6
Let n(i) = 1 - 8*i**2 + 83*i**3 + 10*i**2 + 2*i - 91*i**3. Suppose 3*f - 11 = -0*r + 4*r, 0 = r - 2*f + 9. Let u be (1/(-1 - 0))/r. Calculate n(u).
9
Suppose 3*b + 3*c + 13 = -c, 4*b + 5*c = -17. Let m(k) = k**2 + 6*k - 2. Let o(w) = -w**2 - 7*w + 3. Let i(j) = -3*m(j) - 2*o(j). Give i(b).
3
Let o(g) = g**3 - 6*g**2 - 3*g + 6. Let f(p) = p**2 + 5*p. Let l be f(-6). Calculate o(l).
-12
Let t(b) = 7*b**3 - 3*b**2 + 4*b + 2. Let d(v) = 3*v**3 - v**2 + 2*v + 1. Let k(n) = -5*d(n) + 2*t(n). What is k(-1)?
1
Let z(i) = i**2 - 5*i + 9. Let u(v) = 2*v**2 - 10*v + 18. Let q(f) = 3*u(f) - 5*z(f). Give q(6).
15
Let v(t) be the first derivative of -t**6/360 + t**5/30 - t**4/6 - 2*t**3/3 - 2. Let j(y) be the third derivative of v(y). Suppose -15*s = -12*s - 9. Give j(s).
-1
Let m(h) be the third derivative of -h**8/6720 - h**7/504 - h**6/144 - h**5/20 - 7*h**4/24 + 8*h**2. Let g(p) be the second derivative of m(p). Give g(-4).
-2
Suppose -4*w = -4*i - 28, -2*w - 6*i - 14 = -i. Let n(q) = -q - 4. Give n(w).
-7
Let t(f) = -f - 7. Let h(i) = -i**2 - 4*i + 5. Let p be h(-5). Calculate t(p).
-7
Let v be (1 + -1)/(-3) + 6. Let u(d) = -d**3 + 6*d**2 + d - 5. What is u(v)?
1
Let m(j) = -j + 10. Let x(b) = 4*b - 29. Let d(u) = 7*m(u) + 2*x(u). What is d(0)?
12
Let d be 3*1 - (-8)/4. Let s(k) = 5*k**2 - d*k**2 - k - k**2. Calculate s(-3).
-6
Let v(o) = -o**3 - o**2 + 3. Let p(j) = j**2 - 1. Let s(b) = -3*p(b) - v(b). Calculate s(2).
0
Let x(c) = -c. Let d(u) = -8*u - 3. Let a(t) = -t + 16. Let n be a(10). Let l(m) = n*x(m) - d(m). Determine l(-2).
-1
Let k(x) = x**2 + 3*x - 1. Let y = -9 + 14. Let h be -2 - 3/(y - 2). Calculate k(h).
-1
Let l(f) = 2*f**3 - 5*f**2 + 5*f - 1. Let i(r) = -r**3 + 4*r**2 - 4*r + 2. Let n(x) = -3*i(x) - 2*l(x). Let b be -5 - -1 - (0 - 1). What is n(b)?
-1
Suppose -2 - 4 = -2*v. Let r(q) = q - 2 + 2*q**2 - v + q**2 + 4. Give r(1).
3
Let q(p) be the third derivative of p**6/60 + p**5/30 - p**4/24 - 3*p**2 - p. What is q(1)?
3
Let x(w) = -4*w**3 + 2*w**2 - w - 1. Let s(t) = -7*t**3 + 5*t**2 - 2*t - 3. Let v(u) = -3*s(u) + 5*x(u). What is v(4)?
-8
Let r(n) be the second derivative of 0 - 1/2*n**4 - 1/20*n**5 + 1/2*n**2 + 1/6*n**3 - 2*n. What is r(-6)?
-5
Let l(g) = g - 1. Let s(p) = -1 - 5*p - 2*p**3 + 3*